/h + 2 + 3/4 is divided by 22?
19
Let r(u) = -u**3 + 10*u**2 - 4*u - 23. Let i(n) be the first derivative of n**4/4 - n**2 - 9*n + 14. What is the remainder when i(5) is divided by r(9)?
18
Suppose 108 = 2*p - 11*p. Let i(k) = -k**3 + 8*k**2 - 2*k - 5. What is the remainder when i(6) is divided by -11 + 10*(-30)/p?
13
Let j = -368 - -399. Suppose 144 = 5*v - j. Calculate the remainder when v is divided by 5.
0
Let o = 0 + 12. Let l be 2/((4/(-14))/(o/(-21))). Suppose -66 = -3*k - 5*r, -l*r + 168 = 5*k + 58. Calculate the remainder when k is divided by 8.
6
Let g be 2/(-7) + 1228/(-14). Suppose 990*l + 2640 = 1010*l. Let v = g + l. Calculate the remainder when v is divided by 16.
12
Let s = 852 + -586. Let m(v) = 6*v**2 + 387*v + 1688. What is the remainder when s is divided by m(-60)?
62
Let i(y) = -y**3 + 11*y**2 + 15*y - 17. Suppose -555 = -1142*u + 1127*u. Calculate the remainder when u is divided by i(12).
18
Let c = -1339 + 1554. Suppose 0 = -4*x + 15 + 65. What is the remainder when c is divided by x?
15
Suppose 404 = -n + 3*n + 3*i, -i + 396 = 2*n. Suppose 6*o = n - 46. Calculate the remainder when 33 is divided by o.
8
Let m(s) = 35*s**2 - 5*s - 10. Let k be m(3). Let w = 334 - k. Let f(c) = -c**2 - 10*c - 1. Calculate the remainder when w is divided by f(-6).
21
What is the remainder when ((-5371)/(-4) - -3) + ((-1700)/80)/(-17) is divided by 95?
17
Let t(c) = -112*c - 2. Let v = -32 - -37. Let i = v + -6. Calculate the remainder when t(i) is divided by 16.
14
Let t = 346 + -335. Suppose -48 = t*s - 15*s. Calculate the remainder when (498/8)/(6/16) is divided by s.
10
Suppose 0 = 6*s - 14*s - 5*s + 442. Calculate the remainder when 133 is divided by s.
31
Suppose w = -2*w + 6. Let b(j) = 3*j**3 - 13*j + 0*j**3 + 22 - 4*j**3 - 17 - 14*j**2. Calculate the remainder when b(-13) is divided by w.
1
Suppose 0 = b + 2*b, -2*s = 2*b - 26. Let d(k) = -k**3 + 15*k**2 - 26*k + 12. Calculate the remainder when 46 is divided by d(s).
10
Let n = -82 - -94. Let d be 24*(5/35)/(4/14). Suppose d*f - 145 = 179. Calculate the remainder when f is divided by n.
3
Suppose 0 = -94*h + 93*h + 327. Suppose 86*g - 89*g = -h. What is the remainder when g is divided by 22?
21
Suppose 5*s - o - 4565 = 4*o, -5*s + 2*o + 4565 = 0. Suppose 2328 + s = 7*u. Calculate the remainder when u is divided by 58.
57
Suppose 263*s - 7622 + 5018 = 9231. Calculate the remainder when 5752 is divided by s.
37
Let t = 74 + -79. Let m = 107 + t. Let a(u) = 25*u**2 - u. Calculate the remainder when m is divided by a(-1).
24
Suppose 54*z - 29*z - 16075 = 0. Let c = z + -516. Calculate the remainder when c is divided by 40.
7
Suppose 29 = 2*q + 17. Suppose 0 = -q*z + 103 + 221. Calculate the remainder when z is divided by 21.
12
Let u be -3*(-16)/168 - 66/(-14). Suppose -u*q + 490 = 4*r, -3*q + 5*r - 485 = -8*q. What is the remainder when q is divided by 26?
24
Let a = -88 + 107. What is the remainder when 244 is divided by a*((1 - 8) + 8)?
16
Suppose 4 = 5*y - 1. Let h be 0 + y + 23 + -27. What is the remainder when (45/(-20))/(h/8) is divided by 3?
0
Calculate the remainder when 1116 is divided by 918 + -915 - (-2)/(2/67).
66
Suppose -4*m = 2*k - 11656 - 148, -5*k = 20. What is the remainder when m is divided by 174?
169
Suppose 25 = -2*r + b, -4*r + 6*b - 41 = b. Let v be ((-10)/4)/((-1)/r). Let t = -6 - v. Calculate the remainder when t is divided by 8.
5
Let v(a) = 255*a - 1451. Let n(b) = b**2 + 9*b + 6. Let o(l) = l - 19. Let y be o(9). Calculate the remainder when v(6) is divided by n(y).
15
Let b(v) = v**3 - 16*v**2 + 15*v - 6. Let s be b(11). Let f = 463 + s. What is the remainder when 28 is divided by f?
11
Let w(f) = 30*f**2 - 190*f - 743. What is the remainder when 1000 is divided by w(-4)?
6
Let y(w) = -389*w + 3318. What is the remainder when y(8) is divided by 47?
18
Let s(z) = 2*z**3 - 31*z**2 - 21*z - 1. Let q be s(14). Let g = q - -903. What is the remainder when g is divided by ((-9)/15)/(2/(-10))?
2
Suppose 4 = -d + 14. Calculate the remainder when ((-20)/(-16))/1 + 32595/212 + -106 is divided by d + (1 - 0) + -1.
9
Suppose -97*i + 65*i = -3232. Suppose 4*t - 939 = i. Calculate the remainder when t is divided by 4.
0
Let o = 32 + -32. Suppose -5*k - 650 = -5*m, m + 0*k + 3*k - 138 = o. Suppose a + m = 12*a. Calculate the remainder when 21 is divided by a.
9
Suppose 16*x = 23*x + 1806. Let p = x + 290. Calculate the remainder when 198 is divided by p.
6
Let n = 45 + 35. Suppose 25 = -5*z, 4*v - 204 = -4*z - n. Let m = 342 + -201. Calculate the remainder when m is divided by v.
33
What is the remainder when 212 is divided by (68 + -56)/((-8)/(-54))?
50
Let j = -31411 + 31570. Calculate the remainder when 631 is divided by j.
154
Suppose -f = p - 291, 0*f - 4*f + p = -1179. Let z = 480 - f. Calculate the remainder when z is divided by 12.
6
Suppose 2165 - 2057 = 4*t. Let x(s) = 3*s**2 - 42*s + 58. Calculate the remainder when x(15) is divided by t.
22
Let z = 518 - 516. Suppose z*t = -q + 29, 20*t - 25*t + 3*q + 45 = 0. Calculate the remainder when 44 is divided by t.
8
Suppose 4*p = p + 117. Let c = 96 - p. Suppose -5*v + 231 = k - 328, 5*v = 4*k + 539. Calculate the remainder when v is divided by c.
54
Suppose 2*d = 3*a - 3, a = -5*d + 6*a - 20. Let r = 1 - d. Let s(k) = -k**3 - 17*k**2 - 30*k + 9. Calculate the remainder when r is divided by s(-15).
1
Let d be (-474)/42 + (-3)/(42/(-4)). Let f(c) = -13*c + 2. Let m(h) = 25*h - 4. Let q(a) = d*f(a) - 6*m(a). Calculate the remainder when 45 is divided by q(-3).
22
Let u be (-2)/(-4) + 362/4. Let k = u + -53. Let i = -6 + 19. Calculate the remainder when k is divided by i.
12
Let l(d) = -2*d**3 - 43*d**2 + 4*d - 43. Let y(v) = v**2 - v - 2. Let u(g) = -l(g) - 5*y(g). Calculate the remainder when 94 is divided by u(-19).
26
Calculate the remainder when 112 is divided by 0 - -23 - (10 + 12 + -19).
12
Let h(p) = -2*p**2 - 21*p + 4. Let r be h(-9). Suppose 9*d = -r + 4. What is the remainder when 51 is divided by (d + 29)*(-3)/(-6)?
12
Suppose 11851 = 3*a + 2*v, 4*a + 3*v = 5*v + 15792. What is the remainder when a is divided by 9?
7
Suppose -47 = -3*i + 5*d, -5*d = -2*i - 4*d + 22. Calculate the remainder when 16099 is divided by i.
7
Suppose -k + 4*k - 120 = 4*t, 2*k - 5*t - 87 = 0. Suppose -21*f + 2*g = -16*f - 37, 2*f + g - 4 = 0. Calculate the remainder when k is divided by f.
1
Suppose b + n - 5 = 0, 6*b - 2*b - n = 25. Let h(q) = -2*q**2 + 43*q - 10. Let d be h(19). Suppose 2*p + 5 = d. What is the remainder when p is divided by b?
4
Suppose 26*f = 16*f + 180. Calculate the remainder when (-3)/(-6)*f*1 is divided by 2/8 - (-57)/12.
4
Calculate the remainder when 1434 is divided by 70 + (2 - 9/3).
54
Let z = 25866 + -25813. Calculate the remainder when 406 is divided by z.
35
Suppose 5*y + q + q = 65, 5*q + 13 = y. Suppose 48 = -8*k - 136. Let h = k + 100. Calculate the remainder when h is divided by y.
12
Suppose 3*y + 27 = 12*y. Suppose -y*l - 3*t + 31 = -l, -3*l - 4*t = -45. Let g(x) = -4*x - 9. What is the remainder when g(-6) is divided by l?
4
Suppose -5*f + 3254 = -3046. Suppose 101*r - 89*r - f = 0. What is the remainder when r is divided by 9?
6
Let y(b) = 2*b**2 + 16*b + 44. Let m = 99 + -107. Let a(r) = r**3 + 3*r**2 - 3*r + 1. Calculate the remainder when y(m) is divided by a(2).
14
Suppose -2*a = 4*n - 40 - 20, 0 = a - 5*n - 9. Suppose -21*x + 22*x - a = 0. Suppose -2*z + x + 32 = 0. Calculate the remainder when z is divided by 16.
12
Let y(w) = -w**2 - 26*w + 32. Let v be y(-27). Suppose -v*d = -228 + 148. Suppose -3*i = -d*i + 286. What is the remainder when 106 is divided by i?
18
Let o = 3839 + -3739. Calculate the remainder when o is divided by 75.
25
Suppose -633 = -5*i + g, 16*i - 5*g = 11*i + 625. Calculate the remainder when 547 is divided by i.
39
Suppose -2*w + 8*m + 4496 = 0, 6705 = 3*w + 4*m - 151. Calculate the remainder when w is divided by 20.
16
Let d = 5 - -2. Let k be (0 - -2 - -4) + 332. Suppose 506 = 7*x + k. What is the remainder when x is divided by d?
3
Let b = 9091 - 8777. Calculate the remainder when b is divided by 53.
49
Suppose -33*f + 35*f - 3308 = -5*j, 20 = 5*f. Calculate the remainder when j is divided by 110.
0
Let m = 4522 + -4499. Calculate the remainder when 682